ded by a?
93
Let u(n) = n**3 - 3*n**2 + 3*n - 3. Let w(d) = d**2 + 17*d - 15. Let h be w(-18). Calculate the remainder when u(h) is divided by 4.
2
Suppose -3*m - 8*m = -33. Suppose -t = -y + t + 20, -m*t = y - 5. Let u(n) = n + 83. Calculate the remainder when u(0) is divided by y.
13
Suppose 0 = 14*w - 12*w - 16. Calculate the remainder when ((-12)/w)/((-6)/8) - -37 is divided by 20.
19
Suppose -3*h - 4*d - 3 = 0, -2*d - 11 = h - 8. What is the remainder when h/2*(-1)/((-24)/2384) is divided by 15?
14
Let k = 1449 + -1423. Let h(u) = 3*u + 3. Let c(j) = j. Let v(l) = 5*c(l) - h(l). Calculate the remainder when k is divided by v(7).
4
Let w be (14 - 10)/((-2)/(0 + -2)). Suppose w*j - 7*j + 198 = 4*i, -3*i = -9. What is the remainder when 247 is divided by j?
61
Let v(i) = i**3 + 34*i**2 - 2*i + 55. Let j(a) = -a**2 - 20*a - 27. Calculate the remainder when v(-34) is divided by j(-18).
6
Suppose -13*o - 2130 = -28*o. Suppose 148 = 2*z - j - 91, 0 = -z + 5*j + o. What is the remainder when z is divided by 10?
7
Let b(d) = 3*d**2 - 3*d + 2. Let c be b(1). Suppose 3*z + 20 = c. What is the remainder when 1/(z/(-362)) + (-28)/(-42) is divided by 16?
13
Suppose -3*c + 23*c = 9600. Suppose 5*v = 5*r + 590, v + 3*v + 4*r = c. Calculate the remainder when v is divided by 30.
29
Let d(b) = -b**2 + 70*b - 869. What is the remainder when 954 is divided by d(53)?
26
Suppose 3*l - 8 - 22 = 0. Let n(x) = 11*x**2 + 1810*x + 7201. Calculate the remainder when n(-4) is divided by l.
7
Suppose 111*o = 6017711 - 6011717. Suppose s + 4 = 21. Suppose -12 = 4*t, -5*t = 4*q - s - 24. Calculate the remainder when o is divided by q.
12
Let k = -136 - -136. Suppose -2*z - 32 + 48 = k. Calculate the remainder when 56 is divided by z.
0
Calculate the remainder when 509 is divided by (1370/(-110) - -7)/((-4)/(-66)*-3).
29
Suppose 608 - 1895 = -6*i + 501. Suppose 4*u - 3*w = 43, -5*w - 9 - 16 = 0. Calculate the remainder when i is divided by u.
4
Suppose -5*c + 1903 = 3*o, 0*c + 3*c = 4*o + 1136. Calculate the remainder when c is divided by 14 + (-55)/11 - 156/(-6).
30
Suppose 27586 - 2857 = 331*h - 8371. Calculate the remainder when 3900 is divided by h.
0
Suppose -36*l + 30*l + 1236 = 0. Let d = -191 + l. Calculate the remainder when 31 is divided by d.
1
Suppose -54*l + 167 = -2155. What is the remainder when 5844 is divided by l?
39
Suppose 10*j - 14*j = -724. Let u = j - -33. Suppose -5*z = 2*s - u, -5*s + 0*s - 32 = -z. Calculate the remainder when z is divided by 23.
19
Let m = 27068 - 27043. Calculate the remainder when 122 is divided by m.
22
Let d be -1 + 110 + 6/(-3) + 3. What is the remainder when d*(-6)/120*-8 is divided by 38?
6
Suppose -27*d = -44*d + 9333. What is the remainder when d is divided by 49?
10
Calculate the remainder when 324/3726 - 17010/(-115) is divided by 27.
13
What is the remainder when 3 - ((5 + -529 - -5) + -5 + -2) is divided by 21?
4
Suppose -153*g = -167*g - 3584. Let c = g - -372. Calculate the remainder when c is divided by 13.
12
Suppose -6*h - 6 = -9*h. Suppose 0 = -i + h*l + 54, l - 54 = -7*i + 6*i. Calculate the remainder when i is divided by 8.
6
Suppose -2*p + 26 + 26 = -4*n, -5*n - 2*p - 56 = 0. Let y = 21 + n. Suppose -3*s - 19*q + 9 = 32, 2*q = -3*s + 62. What is the remainder when s is divided by y?
6
Suppose 3*x - 5*h - 2529 = 0, 4*x + h - 958 = 2437. What is the remainder when 868 is divided by x?
20
What is the remainder when 305/10*2*13 is divided by 159?
157
Suppose 122 - 721 - 493 = -28*v. What is the remainder when 487 is divided by v?
19
Suppose 5*g + 20 = 0, -65*y + 536 = -63*y + g. Calculate the remainder when y is divided by 32.
14
Suppose -4*c - 5*d + 5630 = 0, -3*d = 4*c - 5*c + 1399. Let z = c + -544. What is the remainder when z is divided by 16?
13
Let t = 3091 + -2871. Calculate the remainder when t is divided by 106.
8
Let j = 11141 + -4222. Calculate the remainder when j is divided by 173.
172
Let k(l) = l**3 - 81*l - 13. Calculate the remainder when 1971 is divided by k(-8).
3
Suppose -287*c + 158 = -251*c - 382. Calculate the remainder when 743 is divided by c.
8
Let u(b) = -b**2 + 11*b - 14. Let y be u(9). Let q be (-6)/y*(-48)/4. Suppose -q*r = -23*r + 165. What is the remainder when r is divided by 18?
15
Let s(j) = -j**2 - 4953*j + 134486. Suppose -3*m = -6*m + 738. What is the remainder when m is divided by s(27)?
12
Suppose -4*a - 4*v + 260 = 0, 2*a - 151 + 21 = 3*v. What is the remainder when 237 is divided by a?
42
Let l be (0 - (-6 - -6)) + 4. Suppose 70 = l*w + 18. Calculate the remainder when (98/4)/((-2)/(-4)) is divided by w.
10
Let s = 20290 - 20221. Calculate the remainder when 9379 is divided by s.
64
Suppose 84*b - 42863 = -41*b + 5637. Calculate the remainder when 821 is divided by b.
45
Suppose 166*j - 122253 = -4*j + 54887. Calculate the remainder when j is divided by 463.
116
Let m(p) = -p**3 - 4*p**2 + 8*p + 13. What is the remainder when 2013 is divided by m(-6)?
15
Calculate the remainder when (-22*63/(-12))/((-78)/12 - -7) is divided by 121.
110
Let a(o) be the third derivative of -o**6/120 + 2*o**5/15 + o**4/4 - 11*o**3/6 - 125*o**2. What is the remainder when a(8) is divided by 5?
2
Suppose 3227 = 9*r + 860. Suppose -9*p - 330 = -24*p. Calculate the remainder when r is divided by p.
21
Suppose 3*p - 5*d = 377, 4*p + 31 = -5*d + 592. Calculate the remainder when 1216 is divided by p.
10
Let o(l) = 19*l - 116. Let v be o(21). Suppose -44 = v*p - 285*p. What is the remainder when 82 is divided by p?
16
Let m = 109 + 53. Suppose -9*h = -18 - m. Calculate the remainder when 38 is divided by h.
18
Suppose 3*l = 3*c + 51, -7*c = 2*l - 6*c - 40. Calculate the remainder when 406 is divided by l.
7
Let x be (-1 + 60)*1 - (5 + -5). Let b = x + -58. Calculate the remainder when 4*b/2 - -33 is divided by 25.
10
Suppose 2*l - 4 = f, 4*l = 3*l - f + 2. Suppose p - 31 = -4*k, 3*k = -p - 3*p + 33. Suppose -4*g + 37 = -k. What is the remainder when g is divided by l?
1
Suppose 2 = 4*m - 5*m - 2*p, 0 = 3*m + 4*p. Let y = 16 + -4. What is the remainder when y is divided by m?
0
What is the remainder when 299 is divided by (-94)/(-4) - ((-476)/56 + 8)?
11
What is the remainder when 5672 is divided by 585/390 - 82/(-4)?
18
Let t(w) = -w**3 - 26*w**2 - 22*w - 9. Calculate the remainder when t(-26) is divided by 147.
122
Let l(s) = 8*s - 124. Let v be 1887/357 - -2*(-1)/7. What is the remainder when l(24) is divided by (v/15 - 1)*-27?
14
Let q = -95 - -82. Let i(k) = 7*k + 110. What is the remainder when 111 is divided by i(q)?
16
Suppose 199 = 4*w - 5*h, 2*w + 5*h = -w + 123. What is the remainder when (-450)/(-72)*(22 + 2) is divided by w?
12
Let w = -22498 + 23077. Calculate the remainder when w is divided by 161.
96
Suppose 3*n = n + n. Suppose -2*i - o + 201 = 3*i, n = 4*i + o - 160. Suppose 4*h - r = 35, 3*h + h + 5*r = i. What is the remainder when 26 is divided by h?
8
Suppose -r + 272 = 3*r. Let f = -417 + 427. Calculate the remainder when r is divided by f.
8
Let t(c) = c**3 + 41*c**2 + 45*c + 248. What is the remainder when 760 is divided by t(-40)?
40
Suppose -5*f = -4*j - j + 60, -f = 5. Let s(m) = 21*m**3 + 7*m**2 + 16*m + 1. Let o be s(-3). Let g = -482 - o. Calculate the remainder when g is divided by j.
6
Let h be (-3)/(3 + -9)*0. Suppose h*l - 51 = -3*l. What is the remainder when 58/2 + (2 - 3) is divided by l?
11
Let o = -70 - -40. Let y = 49 + o. Suppose 0 = -8*c + 12*c - 300. What is the remainder when c is divided by y?
18
Let u be (1/3)/((-39)/(-9) + -4). Calculate the remainder when (4/(-5))/((-1)/95) is divided by 0/u + (3 - (2 - 13)).
6
Let h = 12 - -52. What is the remainder when -1 + 251 + (9 - (0 - -6)) is divided by h?
61
Suppose -z + 8 = -2. Let f(g) = g**3 - 193*g**2 + 950*g - 41. Calculate the remainder when z*(2 + 6)/1 is divided by f(5).
8
Let s(v) = 5*v**2 - 9*v + 6. Let r be s(6). Suppose 0 = 36*w - 39*w + r. What is the remainder when w is divided by 24?
20
Suppose 8*m = 61*m + 38*m - 31577. Let y(z) = z**2 + 4*z + 7. Calculate the remainder when m is divided by y(-5).
11
Suppose -3*g + 82 = 5*w - 0*g, 0 = -w - 4*g + 13. Let z(j) = 12*j**3 - 8*j**2 - 36*j + 89. Calculate the remainder when z(3) is divided by w.
12
Calculate the remainder when (-4)/((-300)/